?
True
Does 6 divide 546?
True
Does 6 divide 4486?
False
Does 9 divide 422?
False
Is 6 a factor of 6634?
False
Is 42 a factor of 924?
True
Does 134 divide 6834?
True
Does 56 divide 2856?
True
Is 27 a factor of 3004?
False
Is 648 a multiple of 24?
True
Is 15 a factor of 9939?
False
Is 34 a factor of 3332?
True
Is 474 a multiple of 5?
False
Is 9 a factor of 1116?
True
Does 35 divide 4900?
True
Is 22716 a multiple of 201?
False
Is 7 a factor of 182?
True
Does 13 divide 130?
True
Does 5 divide 1060?
True
Is 30 a factor of 1190?
False
Does 277 divide 39732?
False
Is 39 a factor of 108654?
True
Is 11864 a multiple of 244?
False
Is 30 a factor of 43123?
False
Is 473 even?
False
Does 16 divide 5008?
True
Does 9 divide 150?
False
Is 150 a multiple of 25?
True
Is 17 a factor of 6528?
True
Is 55 a factor of 159?
False
Is 5 a factor of 3725?
True
Is 774 a multiple of 42?
False
Does 31 divide 3797?
False
Is 25 a factor of 2725?
True
Is 152 a factor of 12795?
False
Is 11 a factor of 143?
True
Does 17 divide 2350?
False
Does 6 divide 2250?
True
Does 43 divide 387?
True
Is 3597 a multiple of 3?
True
Is 4 a factor of 231?
False
Does 168 divide 80136?
True
Is 360 a multiple of 31?
False
Is 20 a factor of 1114?
False
Does 63 divide 15498?
True
Is 23436 a multiple of 126?
True
Does 72 divide 30528?
True
Does 20 divide 3760?
True
Does 36 divide 126?
False
Does 13 divide 5252?
True
Is 11204 a multiple of 6?
False
Does 12 divide 4438?
False
Is 59 a factor of 6745?
False
Is 10100 a multiple of 25?
True
Does 5 divide 65?
True
Is 25 a factor of 325?
True
Does 18 divide 5508?
True
Is 215 a factor of 7005?
False
Does 9 divide 351?
True
Is 123 a factor of 1476?
True
Is 6 a factor of 468?
True
Is 1560 a multiple of 20?
True
Does 229 divide 19694?
True
Is 1465 a multiple of 5?
True
Is 4495 a multiple of 106?
False
Does 96 divide 1395?
False
Does 44 divide 2322?
False
Is 67 a multiple of 4?
False
Is 9800 a multiple of 100?
True
Does 42 divide 756?
True
Is 21 a factor of 1109?
False
Does 220 divide 43110?
False
Is 1197 a multiple of 19?
True
Is 84 a factor of 1848?
True
Is 20 a factor of 940?
True
Does 12 divide 6972?
True
Does 11 divide 1958?
True
Does 13 divide 3835?
True
Does 13 divide 7163?
True
Is 55 a factor of 3974?
False
Is 51 a factor of 1147?
False
Is 5308 a multiple of 149?
False
Is 12 a factor of 2148?
True
Does 46 divide 4600?
True
Does 279 divide 51057?
True
Is 13 a factor of 4357?
False
Is 29680 a multiple of 50?
False
Does 284 divide 19167?
False
Is 18 a factor of 20106?
True
Does 4 divide 7192?
True
Is 16 a factor of 3200?
True
Is 47 a factor of 785?
False
Is 140 a factor of 32900?
True
Does 4 divide 103?
False
Is 306 a multiple of 18?
True
Does 2 divide 602?
True
Does 45 divide 1485?
True
Is 7 a factor of 350?
True
Is 22286 a multiple of 29?
False
Does 21 divide 5148?
False
Is 126 a factor of 9828?
True
Is 348 a multiple of 2?
True
Is 41 a factor of 61667?
False
Is 1632 a multiple of 136?
True
Is 73 a factor of 36208?
True
Is 2507 a multiple of 11?
False
Does 13 divide 78?
True
Does 108 divide 972?
True
Is 2478 a multiple of 14?
True
Is 3 a factor of 125?
False
Does 71 divide 15972?
False
Is 11 a factor of 1177?
True
Does 24 divide 893?
False
Is 368 a multiple of 46?
True
Is 6502 a multiple of 61?
False
Is 40 a factor of 662?
False
Is 202 a factor of 26260?
True
Is 66 a multiple of 6?
True
Does 6 divide 163?
False
Is 46 a factor of 1104?
True
Is 1764 a multiple of 9?
True
Does 6 divide 4308?
True
Is 28 a factor of 107492?
True
Is 1386 a multiple of 77?
True
Is 1394 a multiple of 11?
False
Is 9614 a multiple of 11?
True
Does 18 divide 7764?
False
Is 1287 a multiple of 13?
True
Does 173 divide 14359?
True
Does 3 divide 75?
True
Is 6266 a multiple of 88?
False
Is 48840 a multiple of 330?
True
Is 16 a factor of 318?
False
Does 7 divide 1175?
False
Is 868 a multiple of 14?
True
Is 75047 a multiple of 71?
True
Is 4620 a multiple of 12?
True
Does 10 divide 366?
False
Is 30 a factor of 61498?
False
Is 28 a factor of 2072?
True
Does 62 divide 1426?
True
Does 10 divide 610?
True
Is 1595 a multiple of 5?
True
Is 623 a multiple of 89?
True
Is 17 a factor of 6575?
False
Is 1006 a multiple of 11?
False
Is 15 a factor of 16695?
True
Is 5 a factor of 830?
True
Is 66 a factor of 2574?
True
Is 48 a factor of 14555?
False
Does 129 divide 7276?
False
Is 2736 a multiple of 171?
True
Is 12 a factor of 780?
True
Does 14 divide 9833?
False
Is 226 a multiple of 13?
False
Is 13 a factor of 100711?
True
Is 7 a factor of 1564?
False
Is 196 a factor of 50568?
True
Is 46 a factor of 7798?
False
Is 22 a factor of 2266?
True
Does 17 divide 2047?
False
Is 38 a factor of 39884?
False
Is 16338 a multiple of 47?
False
Does 16 divide 1509?
False
Is 37701 a multiple of 9?
True
Is 4984 a multiple of 14?
True
Does 19 divide 342?
True
Is 341 a multiple of 10?
False
Is 9 a factor of 17953?
False
Is 20 a factor of 300?
True
Is 18150 a multiple of 6?
True
Does 13 divide 1183?
True
Is 66 a multiple of 11?
True
Is 1221 a multiple of 15?
False
Is 1734 a multiple of 51?
True
Is 1379 a multiple of 7?
True
Is 1397 a multiple of 19?
False
Is 10 a factor of 15960?
True
Does 26 divide 34537?
False
Is 87 a factor of 4006?
False
Does 8 divide 9937?
False
Is 6432 a multiple of 24?
True
Is 32086 a multiple of 165?
False
Is 16195 a multiple of 17?
False
Is 230 a factor of 28290?
True
Is 7167 a multiple of 3?
True
Is 47 a multiple of 42?
False
Is 62 a multiple of 5?
False
Does 45 divide 9650?
False
Does 16 divide 1600?
True
Is 5194 a multiple of 106?
True
Is 15 a factor of 661?
False
Is 57 a factor of 263?
False
Is 4 a factor of 224?
True
Is 405 a multiple of 27?
True
Does 4 divide 260?
True
Is 50 a factor of 299?
False
Does 37 divide 925?
True
Is 8326 a multiple of 15?
False
Is 23 a factor of 8464?
True
Is 1320 a multiple of 66?
True
Is 14 a factor of 266?
True
Is 23 a factor of 10902?
True
Is 21819 a multiple of 21?
True
Does 4 divide 15?
False
Does 9 divide 504?
True
Is 14 a factor of 5976?
False
Is 22640 a multiple of 44?
False
Is 7587 a multiple of 37?
False
Does 15 divide 526?
False
Is 5202 a multiple of 34?
True
Is 43 a factor of 602?
True
Is 127 a factor of 16637?
True
Is 1376 a multiple of 32?
True
Is 13 a factor of 832?
True
Does 103 divide 22238?
False
Is 118 a factor of 5074?
True
Does 13 divide 182?
True
Does 14 divide 504?
True
Is 20 a factor of 15700?
True
Is 7 a factor of 36411?
False
Does 18 divide 702?
True
Does 10 divide 1340?
True
Does 13 divide 62816?
True
Does 12 divide 5460?
True
Does 13 divide 605?
False
Is 13952 a multiple of 8?
True
Is 3 a factor of 1276?
False
Is 19 a factor of 171988?
True
Does 2 divide 7040?
True
Does 12 divide 13452?
True
Does 30 divide 57420?
True
Is 2 a factor of 510?
True
Is 1155 a multiple of 11?
True
Is 33957 a multiple of 24?
False
Is 13 a factor of 4097?
False
Is 38 a factor of 689?
False
Is 56 a factor of 569?
False
Is 1960 a multiple of 8?
True
Does 19 divide 55594?
True
Is 275 a multiple of 5?
True
Is 152843 a multiple of 18?
False
Does 6 divide 319?
False
Does 11 divide 33?
True
Is 2378 a multiple of 41?
True
Is 30435 a multiple of 158?
False
Does 7 divide 357?
True
Is 21 a factor of 420?
True
Is 13216 a multiple of 100?
False
Is 13 a factor of 182?
True
Does 124 divide 38229?
False
Does 3 divide 21000?
True
Is 12084 a multiple of 76?
True
Does 29 divide 5244?
False
Is 10 a factor of 89086?
False
Is 78 a factor of 6429?
False
Is 17 a factor of 104040?
True
Is 11631 a multiple of 63?
False
Is 7 a factor of 3050?
False
Does 22 divide 16107?
False
Does 14 divide 2576?
True
Does 27 divide 1097?
False
Is 4345 a multiple of 101?
False
Is 8 a factor of 14858?
False
Is 18 a factor of 645?
False
Does 15 divide 7920?
True
Is 19 a factor of 38302?
False
Does 238 divide 18802?
True
Is 7 a factor of 781?
False
Does 10 divide 222?
False
Is 420 a multiple of 70?
True
Is 367 a multiple of 36?
False
Is 637 a multiple of 7?
True
Does 102 divide 25452?
False
Does 37 divide 259?
True
Is 7898 a multiple of 89?
False
Does 15 divide 26983?
False
Does 12 divide 1800?
True
Is 3111 a multiple of 11?
False
Is 74 a factor of 592?
True
Is 17 a factor of 11492?
True
Is 10835 a multiple of 28?
False
Is 178 a multiple of 34?
False
Does 47 divide 729?
False
Is 25 a factor of 2083?
False